{"id":28,"date":"2021-08-27T09:28:29","date_gmt":"2021-08-27T09:28:29","guid":{"rendered":"https:\/\/biotapas.anatolab.net\/Flores\/?page_id=28"},"modified":"2021-08-28T09:54:52","modified_gmt":"2021-08-28T09:54:52","slug":"home","status":"publish","type":"page","link":"https:\/\/biotapas.anatolab.net\/Flores\/","title":{"rendered":"Home"},"content":{"rendered":"<p>Una flor es la estructura con p\u00e9talos que crece en la parte superior del tallo de una planta. Las flores atraen a las abejas, que ayudan en el proceso de polinizaci\u00f3n para que las plantas puedan crecer. Las rosas, las margaritas, los claveles son tipos de flores. El verbo florecer significa que la planta produce flores, pero aparte de una planta tambi\u00e9n puede hacer referencia a algo &#8211; un negocio, una persona, una comunidad &#8211; que tiene un plazo de la productividad o de prosperidad extra. El <b>origen<\/b> de las plantas con <b>flores<\/b> ocurri\u00f3 cien millones de a\u00f1os antes.\u00a0 Una secuencia ininterrumpida de polen fosilizado de las <b>flores<\/b> comenz\u00f3 en el Cret\u00e1cico Temprano, hace aproximadamente 140 millones de a\u00f1os, y, en general, se supone que las plantas con <b>flores<\/b> evolucionaron primero en esa \u00e9poca.<\/p>\n<p><img loading=\"lazy\" decoding=\"async\" class=\"size-medium wp-image-100 alignright\" src=\"https:\/\/biotapas.anatolab.net\/Flores\/wp-content\/uploads\/2021\/08\/da06311b-b908-4faa-ae94-e9c331e47792-225x300.jpg\" alt=\"\" width=\"225\" height=\"300\" srcset=\"https:\/\/biotapas.anatolab.net\/Flores\/wp-content\/uploads\/2021\/08\/da06311b-b908-4faa-ae94-e9c331e47792-225x300.jpg 225w, https:\/\/biotapas.anatolab.net\/Flores\/wp-content\/uploads\/2021\/08\/da06311b-b908-4faa-ae94-e9c331e47792-768x1024.jpg 768w, https:\/\/biotapas.anatolab.net\/Flores\/wp-content\/uploads\/2021\/08\/da06311b-b908-4faa-ae94-e9c331e47792-1152x1536.jpg 1152w, https:\/\/biotapas.anatolab.net\/Flores\/wp-content\/uploads\/2021\/08\/da06311b-b908-4faa-ae94-e9c331e47792-416x555.jpg 416w, https:\/\/biotapas.anatolab.net\/Flores\/wp-content\/uploads\/2021\/08\/da06311b-b908-4faa-ae94-e9c331e47792.jpg 1200w\" sizes=\"auto, (max-width: 225px) 100vw, 225px\" \/> <img loading=\"lazy\" decoding=\"async\" class=\"size-medium wp-image-98 alignright\" src=\"https:\/\/biotapas.anatolab.net\/Flores\/wp-content\/uploads\/2021\/08\/ace821b9-db16-41af-bd00-34d2386976dd-225x300.jpg\" alt=\"\" width=\"225\" height=\"300\" srcset=\"https:\/\/biotapas.anatolab.net\/Flores\/wp-content\/uploads\/2021\/08\/ace821b9-db16-41af-bd00-34d2386976dd-225x300.jpg 225w, https:\/\/biotapas.anatolab.net\/Flores\/wp-content\/uploads\/2021\/08\/ace821b9-db16-41af-bd00-34d2386976dd-768x1024.jpg 768w, https:\/\/biotapas.anatolab.net\/Flores\/wp-content\/uploads\/2021\/08\/ace821b9-db16-41af-bd00-34d2386976dd-1152x1536.jpg 1152w, https:\/\/biotapas.anatolab.net\/Flores\/wp-content\/uploads\/2021\/08\/ace821b9-db16-41af-bd00-34d2386976dd-416x555.jpg 416w, https:\/\/biotapas.anatolab.net\/Flores\/wp-content\/uploads\/2021\/08\/ace821b9-db16-41af-bd00-34d2386976dd.jpg 1200w\" sizes=\"auto, (max-width: 225px) 100vw, 225px\" \/> <img loading=\"lazy\" decoding=\"async\" class=\"size-medium wp-image-92 alignright\" src=\"https:\/\/biotapas.anatolab.net\/Flores\/wp-content\/uploads\/2021\/08\/cd71a3d8-0e20-4485-ad58-8ea71b425456-225x300.jpg\" alt=\"\" width=\"225\" height=\"300\" srcset=\"https:\/\/biotapas.anatolab.net\/Flores\/wp-content\/uploads\/2021\/08\/cd71a3d8-0e20-4485-ad58-8ea71b425456-225x300.jpg 225w, https:\/\/biotapas.anatolab.net\/Flores\/wp-content\/uploads\/2021\/08\/cd71a3d8-0e20-4485-ad58-8ea71b425456-768x1024.jpg 768w, https:\/\/biotapas.anatolab.net\/Flores\/wp-content\/uploads\/2021\/08\/cd71a3d8-0e20-4485-ad58-8ea71b425456-1152x1536.jpg 1152w, https:\/\/biotapas.anatolab.net\/Flores\/wp-content\/uploads\/2021\/08\/cd71a3d8-0e20-4485-ad58-8ea71b425456-416x555.jpg 416w, https:\/\/biotapas.anatolab.net\/Flores\/wp-content\/uploads\/2021\/08\/cd71a3d8-0e20-4485-ad58-8ea71b425456.jpg 1200w\" sizes=\"auto, (max-width: 225px) 100vw, 225px\" \/><img loading=\"lazy\" decoding=\"async\" class=\"size-medium wp-image-90 alignright\" src=\"https:\/\/biotapas.anatolab.net\/Flores\/wp-content\/uploads\/2021\/08\/7f5ce415-d8db-4dcd-9ba9-2a64a73da1c4-225x300.jpg\" alt=\"\" width=\"225\" height=\"300\" srcset=\"https:\/\/biotapas.anatolab.net\/Flores\/wp-content\/uploads\/2021\/08\/7f5ce415-d8db-4dcd-9ba9-2a64a73da1c4-225x300.jpg 225w, https:\/\/biotapas.anatolab.net\/Flores\/wp-content\/uploads\/2021\/08\/7f5ce415-d8db-4dcd-9ba9-2a64a73da1c4-768x1024.jpg 768w, https:\/\/biotapas.anatolab.net\/Flores\/wp-content\/uploads\/2021\/08\/7f5ce415-d8db-4dcd-9ba9-2a64a73da1c4-1152x1536.jpg 1152w, https:\/\/biotapas.anatolab.net\/Flores\/wp-content\/uploads\/2021\/08\/7f5ce415-d8db-4dcd-9ba9-2a64a73da1c4-416x555.jpg 416w, https:\/\/biotapas.anatolab.net\/Flores\/wp-content\/uploads\/2021\/08\/7f5ce415-d8db-4dcd-9ba9-2a64a73da1c4.jpg 1200w\" sizes=\"auto, (max-width: 225px) 100vw, 225px\" \/><\/p>\n<p>&nbsp;<\/p>\n<p>En un principio las plantas \u00fanicamente cubren las necesidades alimenticias de los hombres.<\/p>\n<p>&nbsp;<\/p>\n<p>Las flores comienzan a ser usadas por el hombre, como s\u00edmbolos por primera vez: para ofrendas y ritos, en los cultos f\u00fanebres y como amuletos unos 7.000 a\u00f1os antes de Cristo.<\/p>\n<p>Hay algunas plantas y \u00e1rboles a los que se les da poderes divinos y son adorados como dioses o como morada de los dioses : el roble, el abedul, el fresno\u2026son cuidados, respetados y a veces llevados al poblado para ser adorados.<\/p>\n<p>Con los primeros enterramientos aparece el culto a los muertos , y en ellos se usaban plantas y semillas como ofrendas vegetales.<\/p>\n<p>&nbsp;<\/p>\n","protected":false},"excerpt":{"rendered":"<p>Una flor es la estructura con p\u00e9talos que crece en la parte superior del tallo de una planta. Las flores atraen a las abejas, que ayudan en el proceso de polinizaci\u00f3n para que las plantas puedan crecer. Las rosas, las margaritas, los claveles son tipos de flores. El verbo florecer significa que la planta produce [&hellip;]<\/p>\n","protected":false},"author":1,"featured_media":0,"parent":0,"menu_order":0,"comment_status":"closed","ping_status":"closed","template":"template-fullwidth.php","meta":{"footnotes":""},"class_list":["post-28","page","type-page","status-publish","hentry"],"_links":{"self":[{"href":"https:\/\/biotapas.anatolab.net\/Flores\/index.php\/wp-json\/wp\/v2\/pages\/28","targetHints":{"allow":["GET"]}}],"collection":[{"href":"https:\/\/biotapas.anatolab.net\/Flores\/index.php\/wp-json\/wp\/v2\/pages"}],"about":[{"href":"https:\/\/biotapas.anatolab.net\/Flores\/index.php\/wp-json\/wp\/v2\/types\/page"}],"author":[{"embeddable":true,"href":"https:\/\/biotapas.anatolab.net\/Flores\/index.php\/wp-json\/wp\/v2\/users\/1"}],"replies":[{"embeddable":true,"href":"https:\/\/biotapas.anatolab.net\/Flores\/index.php\/wp-json\/wp\/v2\/comments?post=28"}],"version-history":[{"count":6,"href":"https:\/\/biotapas.anatolab.net\/Flores\/index.php\/wp-json\/wp\/v2\/pages\/28\/revisions"}],"predecessor-version":[{"id":112,"href":"https:\/\/biotapas.anatolab.net\/Flores\/index.php\/wp-json\/wp\/v2\/pages\/28\/revisions\/112"}],"wp:attachment":[{"href":"https:\/\/biotapas.anatolab.net\/Flores\/index.php\/wp-json\/wp\/v2\/media?parent=28"}],"curies":[{"name":"wp","href":"https:\/\/api.w.org\/{rel}","templated":true}]}}